what is 1 + -111000100001?
-111000100000
In base 5, what is 1 - -22110?
22111
In base 15, what is 132 - 2?
130
In base 16, what is -1e - -5?
-19
In base 6, what is 1 - 10542?
-10541
In base 14, what is -a863 - 0?
-a863
In base 12, what is 51 + b?
60
In base 7, what is -65 + 1?
-64
In base 3, what is 10110 + 0?
10110
In base 7, what is 0 + 562?
562
In base 14, what is 15 + -b1?
-9a
In base 3, what is -20 - 1101?
-1121
In base 13, what is 2 - -177?
179
In base 11, what is 29638 - -5?
29642
In base 12, what is 0 + -15a0?
-15a0
In base 3, what is -12 + -211122?
-211211
In base 6, what is -1 + -523?
-524
In base 2, what is -1011010110011 + 0?
-1011010110011
In base 14, what is 30 + -12?
1c
In base 11, what is 243 - -4?
247
In base 5, what is -320 + 1?
-314
In base 10, what is -386 + -9?
-395
In base 9, what is 340 - 17?
322
In base 16, what is -2 - -100?
fe
In base 15, what is 2 - 2e1?
-2de
In base 7, what is -12022 - 5?
-12030
In base 6, what is -21215 - -2?
-21213
In base 3, what is -12 + -110?
-122
In base 8, what is -6 - 125?
-133
In base 7, what is 1 + -160?
-156
In base 9, what is 2517 + 2?
2520
In base 8, what is -671 - -4?
-665
In base 2, what is 10 - -1100001110?
1100010000
In base 7, what is 4 - 116?
-112
In base 8, what is -142 + 4?
-136
In base 8, what is 4 - -571?
575
In base 16, what is -5c44 - 2?
-5c46
In base 10, what is -41 - 0?
-41
In base 3, what is -1 + 11012210?
11012202
In base 5, what is -10042 - 120?
-10212
In base 15, what is 3 - 14a9?
-14a6
In base 8, what is 2 + -226?
-224
In base 3, what is 20 - 21122?
-21102
In base 2, what is -100 + 10111100?
10111000
In base 12, what is 7 - -2?
9
In base 10, what is 226 - -1?
227
In base 5, what is -2 - 232?
-234
In base 15, what is 4a0 + 5?
4a5
In base 2, what is -100 - -10100011?
10011111
In base 6, what is 2 - -354?
400
In base 9, what is 45 + 0?
45
In base 3, what is -10 - -12001200?
12001120
In base 14, what is 1366 + 3?
1369
In base 3, what is 10 + -12102111?
-12102101
In base 16, what is 3 + -54?
-51
In base 2, what is 11011101110 - 1001?
11011100101
In base 3, what is 221110 - 1?
221102
In base 3, what is 11 - -120210?
120221
In base 8, what is 4 + -11?
-5
In base 5, what is 2122 - 2?
2120
In base 11, what is -232 + -10?
-242
In base 13, what is 3 - -18?
1b
In base 13, what is -901 - -2?
-8cc
In base 15, what is 3a + 22?
5c
In base 13, what is 5 - -aa?
b2
In base 7, what is 36 - -2?
41
In base 6, what is 5150 - 1?
5145
In base 14, what is -165 - 4?
-169
In base 13, what is -3 + -8b?
-91
In base 6, what is -101 - 131?
-232
In base 8, what is 2046 - -4?
2052
In base 14, what is 4 - 12?
-c
In base 4, what is 20003 + 2?
20011
In base 7, what is -256 + 32?
-224
In base 8, what is 6 - 516?
-510
In base 13, what is -2 - -40?
3b
In base 7, what is -10454 - 3?
-10460
In base 15, what is 3 + 784?
787
In base 13, what is 1c - -1?
20
In base 2, what is -10101001101 + 100?
-10101001001
In base 15, what is -14 - 3?
-17
In base 9, what is -233 - 87?
-331
In base 16, what is -9c + a?
-92
In base 12, what is -10 - -75?
65
In base 9, what is -8 - 143?
-152
In base 8, what is 16 - -40?
56
In base 6, what is -3 - 22?
-25
In base 4, what is -2 - 12?
-20
In base 12, what is 13 - -2?
15
In base 7, what is -42 - -26?
-13
In base 9, what is 17247 - -4?
17252
In base 7, what is 20 + 24?
44
In base 2, what is -11 + 11110?
11011
In base 4, what is -11 + 20?
3
In base 13, what is 167 - 6?
161
In base 9, what is -10 + -205?
-215
In base 3, what is -111 + -21001?
-21112
In base 4, what is 121130 - -13?
121203
In base 4, what is 120 + -31?
23
In base 9, what is 647 - -2?
650
In base 15, what is -23 + 24?
1
In base 15, what is -1 - -46b?
46a
In base 4, what is 12310 - -12?
12322
In base 14, what is -4 - 1332?
-1336
In base 8, what is -11125 + 2?
-11123
In base 3, what is -121021122 - -2?
-121021120
In base 15, what is -52 + 2?
-50
In base 15, what is -10a - -13?
-e7
In base 5, what is -443 + 1?
-442
In base 8, what is 1327 - -5?
1334
In base 7, what is -3 - 0?
-3
In base 11, what is -3 - -89?
86
In base 6, what is -12 - -314?
302
In base 5, what is 22 - 433?
-411
In base 12, what is -10 + 38?
28
In base 6, what is 1 + -323?
-322
In base 11, what is -5 - 174?
-179
In base 7, what is 10 + 12?
22
In base 13, what is -659 + 3?
-656
In base 15, what is 39 - 1?
38
In base 4, what is -3011 - 0?
-3011
In base 3, what is -1 + 11020?
11012
In base 4, what is 202 + 20?
222
In base 12, what is 132 - -9?
13b
In base 11, what is -a4 + 5?
-9a
In base 15, what is -2 - -c?
a
In base 15, what is 5b + -2?
59
In base 5, what is 0 + -14403?
-14403
In base 7, what is 5602 - 3?
5566
In base 12, what is -238b - -2?
-2389
In base 15, what is -bbb - -4?
-bb7
In base 4, what is 202103 + 1?
202110
In base 8, what is -10237 - -5?
-10232
In base 8, what is 175 - 1?
174
In base 3, what is -110 - 1101?
-1211
In base 10, what is -3 + 5131?
5128
In base 10, what is -142 + 4?
-138
In base 12, what is 39 - 2?
37
In base 16, what is 117 - -a?
121
In base 16, what is d5 + 17?
ec
In base 15, what is -2 - 11?
-13
In base 2, what is -10011 - 100010?
-110101
In base 10, what is -4 - 2414?
-2418
In base 5, what is 11 + -1304?
-1243
In base 3, what is -101220 - 100?
-102020
In base 13, what is c3 - 1?
c2
In base 8, what is 6 - 704?
-676
In base 15, what is -93 - 4?
-97
In base 14, what is 9 + -54?
-49
In base 8, what is 5447 - 5?
5442
In base 6, what is 50 - 115?
-25
In base 3, what is 21 - 21?
0
In base 8, what is -2 - 1336?
-1340
In base 6, what is 5 + -24?
-15
In base 14, what is -220b - -5?
-2206
In base 3, what is -12 + -2010112?
-2010201
In base 10, what is 6 + -5?
1
In base 13, what is -a58 + -1?
-a59
In base 2, what is 1100 + -100?
1000
In base 12, what is 3 - 16?
-13
In base 3, what is -10 - -1001?
221
In base 3, what is 2 - -100?
102
In base 13, what is 5 - 110?
-108
In base 4, what is 1102 - 13?
1023
In base 8, what is 103 + -11?
72
In base 5, what is -32312 - 3?
-32320
In base 6, what is -143 + -3?
-150
In base 9, what is -4666 + -1?
-4667
In base 12, what is 5 + 28?
31
In base 4, what is -1 + 110113?
110112
In base 14, what is -3a - 88?
-c4
In base 12, what is 24 - -b?
33
In base 16, what is -3e0 + -2?
-3e2
In base 11, what is 471 + 6?
477
In base 12, what is 4 - -53?
57
In base 5, what is -12 - 31?
-43
In base 2, what is 111000010 - 100?
110111110
In base 8, what is -35 + 4?
-31
In base 14, what is 3 + -7a1?
-79c
In base 15, what is 4 + -3d6?
-3d2
In base 3, what is -102002 + 12?
-101220
In base 13, what is -54 - 5?
-59
In base 4, what is -2 - 3112?
-3120
In base 3, what is 11211 + -2?
11202
In base 3, what is -1 + -22?
-100
In base 5, what is 4 - 2321?
-2312
In base 15, what is -5 - -36?
31
In base 5, what is -43 - -134?
41
In base 7, what is -3 - 64?
-100
In base 8, what is 14030 - -5?
14035
In base 10, what is 26 + 8?
34
In base 3, what is -2111 + 2?
-2102
In base 7, what is 331 - -20?
351
In base 7, what is -334 + 106?
-225
In base 14, what is -105 + c?
-d7
In base 15, what is -a6 - 5?
-ab
In base 16, what is -2 + -39?
-3b
In base 7, what is 1 + -162?
-161
In base 11, what is -17 + -13a?
-156
In base 14, what is 67 + 3?
6a
In base 13, what is 170 + 4?
174
In base 11, what is 20 + -2?
19
In base 9, what is 1 - -12?
13
In base 2, what is -1111011 + 0?
-1111011
In base 3, what is -12 - -110000?
102211
In base 11, what is -3 + 55?
52
In base 4, what is 3331 + -22?
3303
In base 10, what is -2 + -991?
-993
In base 9, what is -1706 - 3?
-1710
In base 16, what is -46 - -2?
-44
In base 2, what is -110100 - 11001?
-1001101
In base 16, what is 20a - 4?
206
In base 12, what is -547 - a?
-555
In base 15, what is 4 - 40?
-3b
In base 10, what is -6 - -1077?
1071
In base 8, what is 5 - 1?
4
In base 15, what is 7 - -439?
441
In base 7, what is -3 + -33?
-36
In base 16, what is -34 - 49?
-7d
In base 13, what is -72 + 3?
-6c
In base 16, what is 3 + 22?
25
In base 13, what is -2 - a8?
-aa
In base 7, what is 33 - 100?
-34
In base 8, what is 6 + -6?
0
In base 8, what is 10 - -43?
53
In base 3, what is -2200 + 1?
-2122
In base 9, what is -3 + 16?
13
In base 9, what is -5 + 2?
-3
In base 6, what is -12 - -35?
23
In base 14, what is -24 + -5?
-29
In base 15, what is c - 1c?
-10
In base 4, what is -11 + -3321?
-3332
In base 6, what is 4 + -125?
-121
In ba